{"id":91,"date":"2025-07-14T08:48:26","date_gmt":"2025-07-14T08:48:26","guid":{"rendered":"https:\/\/transfereivissa.com\/index.php\/politicas-de-privacidad-2\/"},"modified":"2025-07-28T19:04:21","modified_gmt":"2025-07-28T19:04:21","slug":"politica-de-privacidad","status":"publish","type":"page","link":"https:\/\/transfereivissa.com\/index.php\/politica-de-privacidad\/","title":{"rendered":"Pol\u00edtica de Privacidad"},"content":{"rendered":"\t\t<div data-elementor-type=\"wp-page\" data-elementor-id=\"91\" class=\"elementor elementor-91\" data-elementor-post-type=\"page\">\n\t\t\t\t<div class=\"elementor-element elementor-element-1a42c8a e-flex e-con-boxed e-con e-parent\" data-id=\"1a42c8a\" data-element_type=\"container\" data-settings=\"{&quot;background_background&quot;:&quot;classic&quot;}\">\n\t\t\t\t\t<div class=\"e-con-inner\">\n\t\t\t\t<div class=\"elementor-element elementor-element-171b2ab elementor-widget elementor-widget-heading\" data-id=\"171b2ab\" data-element_type=\"widget\" data-widget_type=\"heading.default\">\n\t\t\t\t\t<h1 class=\"elementor-heading-title elementor-size-default\">Pol\u00edtica de Privacidad<\/h1>\t\t\t\t<\/div>\n\t\t\t\t\t<\/div>\n\t\t\t\t<\/div>\n\t\t<div class=\"elementor-element elementor-element-68ca773 e-flex e-con-boxed e-con e-parent\" data-id=\"68ca773\" data-element_type=\"container\" data-settings=\"{&quot;background_background&quot;:&quot;classic&quot;}\">\n\t\t\t\t\t<div class=\"e-con-inner\">\n\t\t<div class=\"elementor-element elementor-element-ca047e2 e-con-full e-flex e-con e-child\" data-id=\"ca047e2\" data-element_type=\"container\">\n\t\t\t\t<div class=\"elementor-element elementor-element-eeba2e9 elementor-widget elementor-widget-heading\" data-id=\"eeba2e9\" data-element_type=\"widget\" data-widget_type=\"heading.default\">\n\t\t\t\t\t<h2 class=\"elementor-heading-title elementor-size-default\">1. Introducci\u00f3n<\/h2>\t\t\t\t<\/div>\n\t\t\t\t<div class=\"elementor-element elementor-element-74daa8a elementor-widget elementor-widget-text-editor\" data-id=\"74daa8a\" data-element_type=\"widget\" data-widget_type=\"text-editor.default\">\n\t\t\t\t\t\t\t\t\t<p><span style=\"white-space-collapse: preserve;\">En Transfereivissa.com estamos comprometidos con la protecci\u00f3n de su privacidad y con el cumplimiento de la legislaci\u00f3n vigente en materia de protecci\u00f3n de datos personales. Esta pol\u00edtica de privacidad explica c\u00f3mo recopilamos, utilizamos y protegemos la informaci\u00f3n que usted nos proporciona a trav\u00e9s de nuestro sitio web.<\/span><\/p>\t\t\t\t\t\t\t\t<\/div>\n\t\t\t\t<div class=\"elementor-element elementor-element-27bbed6 elementor-widget elementor-widget-heading\" data-id=\"27bbed6\" data-element_type=\"widget\" data-widget_type=\"heading.default\">\n\t\t\t\t\t<h2 class=\"elementor-heading-title elementor-size-default\">2. Datos que Recopilamos<\/h2>\t\t\t\t<\/div>\n\t\t\t\t<div class=\"elementor-element elementor-element-265e085 elementor-widget elementor-widget-text-editor\" data-id=\"265e085\" data-element_type=\"widget\" data-widget_type=\"text-editor.default\">\n\t\t\t\t\t\t\t\t\t<span style=\"white-space-collapse: preserve;\">Podemos recopilar diferentes tipos de informaci\u00f3n, entre las que se incluyen:<\/span>\n<ul>\n<li><strong>Informaci\u00f3n de car\u00e1cter personal<\/strong>: Como nombre, direcci\u00f3n de correo electr\u00f3nico, n\u00famero de tel\u00e9fono, y otros datos que usted decida facilitarnos.<\/li>\n<li><strong>Datos de navegaci\u00f3n<\/strong>: Informaci\u00f3n sobre su navegaci\u00f3n en nuestro sitio, incluyendo direcci\u00f3n IP, tipo de navegador, p\u00e1ginas visitadas y la fecha y hora de las visitas.<\/li>\n<\/ul>\t\t\t\t\t\t\t\t<\/div>\n\t\t\t\t<div class=\"elementor-element elementor-element-efa00a7 elementor-widget elementor-widget-heading\" data-id=\"efa00a7\" data-element_type=\"widget\" data-widget_type=\"heading.default\">\n\t\t\t\t\t<h2 class=\"elementor-heading-title elementor-size-default\">3. Finalidad del Tratamiento de Datos<\/h2>\t\t\t\t<\/div>\n\t\t\t\t<div class=\"elementor-element elementor-element-991e16a elementor-widget elementor-widget-text-editor\" data-id=\"991e16a\" data-element_type=\"widget\" data-widget_type=\"text-editor.default\">\n\t\t\t\t\t\t\t\t\t<span style=\"white-space-collapse: preserve;\">Los datos personales que recopilamos se utilizan con las siguientes finalidades:<\/span>\n\n<ul>\n \t<li>Proporcionar, mantener y mejorar nuestros servicios.\n<\/li>\n \t<li>Personalizar la experiencia del usuario en el sitio.<\/li>\n\n<li>Enviar notificaciones, actualizaciones y comunicaciones relacionadas con nuestros productos o servicios, siempre y cuando se cuente con su consentimiento previo.Enviar notificaciones, actualizaciones y comunicaciones relacionadas con nuestros productos o servicios, siempre y cuando se cuente con su consentimiento previo.<\/li>\n<li>Cumplir con las obligaciones legales y contractuales establecidas.<\/li>\n\n<\/ul>\t\t\t\t\t\t\t\t<\/div>\n\t\t\t\t<div class=\"elementor-element elementor-element-0a68094 elementor-widget elementor-widget-heading\" data-id=\"0a68094\" data-element_type=\"widget\" data-widget_type=\"heading.default\">\n\t\t\t\t\t<h2 class=\"elementor-heading-title elementor-size-default\">4. Base Legal para el tratamiento<\/h2>\t\t\t\t<\/div>\n\t\t\t\t<div class=\"elementor-element elementor-element-80443a9 elementor-widget elementor-widget-text-editor\" data-id=\"80443a9\" data-element_type=\"widget\" data-widget_type=\"text-editor.default\">\n\t\t\t\t\t\t\t\t\t<span style=\"white-space-collapse: preserve;\">El tratamiento de sus datos se realiza de conformidad con el Reglamento General de Protecci\u00f3n de Datos (RGPD) y las leyes nacionales correspondientes, bas\u00e1ndose en:<\/span>\n<ul>\n \t<li>Su consentimiento expl\u00edcito.<\/li>\n \t<li>La necesidad para la ejecuci\u00f3n de un contrato.<\/li>\n \t<li>\nEl cumplimiento de obligaciones legales en las que estemos implicados.<\/li>\n<\/ul>\t\t\t\t\t\t\t\t<\/div>\n\t\t\t\t<div class=\"elementor-element elementor-element-a955ef2 elementor-widget elementor-widget-heading\" data-id=\"a955ef2\" data-element_type=\"widget\" data-widget_type=\"heading.default\">\n\t\t\t\t\t<h2 class=\"elementor-heading-title elementor-size-default\">5. Conservaci\u00f3n de los Datos<\/h2>\t\t\t\t<\/div>\n\t\t\t\t<div class=\"elementor-element elementor-element-549cbd1 elementor-widget elementor-widget-text-editor\" data-id=\"549cbd1\" data-element_type=\"widget\" data-widget_type=\"text-editor.default\">\n\t\t\t\t\t\t\t\t\t<span style=\"white-space-collapse: preserve;\">Sus datos se conservar\u00e1n durante el tiempo necesario para cumplir con la finalidad para la que fueron recopilados o hasta que usted nos solicite su supresi\u00f3n. Procederemos a conservarlos mientras sean necesarios para la prestaci\u00f3n de nuestros servicios o en cumplimiento con obligaciones legales.<\/span>\n\t\t\t\t\t\t\t\t<\/div>\n\t\t\t\t<div class=\"elementor-element elementor-element-121f337 elementor-widget elementor-widget-heading\" data-id=\"121f337\" data-element_type=\"widget\" data-widget_type=\"heading.default\">\n\t\t\t\t\t<h2 class=\"elementor-heading-title elementor-size-default\">6. Destinatarios y Transferencias<\/h2>\t\t\t\t<\/div>\n\t\t\t\t<div class=\"elementor-element elementor-element-af83d57 elementor-widget elementor-widget-text-editor\" data-id=\"af83d57\" data-element_type=\"widget\" data-widget_type=\"text-editor.default\">\n\t\t\t\t\t\t\t\t\t<span style=\"white-space-collapse: preserve;\">Los datos personales no ser\u00e1n compartidos con terceros, salvo en los casos en que sea necesario para el cumplimiento de la ley, el procesamiento de la petici\u00f3n o para la prestaci\u00f3n del servicio que nos ha solicitado. En caso de transferencias internacionales, estas se realizar\u00e1n garantizando el nivel adecuado de protecci\u00f3n de los datos conforme a la normativa vigente.<\/span>\t\t\t\t\t\t\t\t<\/div>\n\t\t\t\t<div class=\"elementor-element elementor-element-e5d3ee6 elementor-widget elementor-widget-heading\" data-id=\"e5d3ee6\" data-element_type=\"widget\" data-widget_type=\"heading.default\">\n\t\t\t\t\t<h2 class=\"elementor-heading-title elementor-size-default\">7. Sus Derechos<\/h2>\t\t\t\t<\/div>\n\t\t\t\t<div class=\"elementor-element elementor-element-b753161 elementor-widget elementor-widget-text-editor\" data-id=\"b753161\" data-element_type=\"widget\" data-widget_type=\"text-editor.default\">\n\t\t\t\t\t\t\t\t\t<span style=\"white-space-collapse: preserve;\">Usted tiene derecho a:<\/span>\n<span style=\"white-space-collapse: preserve;\">\n<ul>\n<li>Acceder a los datos personales que hemos recopilado sobre usted.<\/li>\n<li>Solicitar la rectificaci\u00f3n de datos incorrectos o incompletos.<\/li>\n<li>Solicitar la supresi\u00f3n de sus datos cuando estos ya no sean necesarios o cuando retire su consentimiento.<\/li>\n<li>Limitar u oponerse al tratamiento de sus datos.<\/li>\n<li>Solicitar la portabilidad de los datos en caso de ser aplicable.<\/li>\n<\/ul>\n<\/span>\n<span style=\"white-space-collapse: preserve;\">Para ejercer estos derechos, por favor, p\u00f3ngase en contacto con nosotros a trav\u00e9s del correo electr\u00f3nico [correo@ejemplo.com] o utilizando los datos de contacto proporcionados al final de esta pol\u00edtica.<\/span>\t\t\t\t\t\t\t\t<\/div>\n\t\t\t\t<div class=\"elementor-element elementor-element-9f6b9b6 elementor-widget elementor-widget-heading\" data-id=\"9f6b9b6\" data-element_type=\"widget\" data-widget_type=\"heading.default\">\n\t\t\t\t\t<h2 class=\"elementor-heading-title elementor-size-default\">8. Seguridad de los Datos<\/h2>\t\t\t\t<\/div>\n\t\t\t\t<div class=\"elementor-element elementor-element-e965049 elementor-widget elementor-widget-text-editor\" data-id=\"e965049\" data-element_type=\"widget\" data-widget_type=\"text-editor.default\">\n\t\t\t\t\t\t\t\t\t<span style=\"white-space-collapse: preserve;\">Implementamos las medidas t\u00e9cnicas y organizativas necesarias para garantizar la seguridad y confidencialidad de sus datos personales, evitando su alteraci\u00f3n, p\u00e9rdida, tratamiento o acceso no autorizado.\n<\/span>\n<ul>\t\t\t\t\t\t\t\t<\/div>\n\t\t\t\t<div class=\"elementor-element elementor-element-60841f6 elementor-widget elementor-widget-heading\" data-id=\"60841f6\" data-element_type=\"widget\" data-widget_type=\"heading.default\">\n\t\t\t\t\t<h2 class=\"elementor-heading-title elementor-size-default\">9. Cambios a la Pol\u00edtica de Privacidad<\/h2>\t\t\t\t<\/div>\n\t\t\t\t<div class=\"elementor-element elementor-element-02951fc elementor-widget elementor-widget-text-editor\" data-id=\"02951fc\" data-element_type=\"widget\" data-widget_type=\"text-editor.default\">\n\t\t\t\t\t\t\t\t\t<span style=\"white-space-collapse: preserve;\">Esta pol\u00edtica de privacidad puede actualizarse peri\u00f3dicamente. Se recomienda revisar esta p\u00e1gina de manera regular para estar al tanto de cualquier modificaci\u00f3n. La fecha de la \u00faltima actualizaci\u00f3n se indicar\u00e1 en la parte superior del documento.\n<\/span>\t\t\t\t\t\t\t\t<\/div>\n\t\t\t\t<div class=\"elementor-element elementor-element-e74d879 elementor-widget elementor-widget-heading\" data-id=\"e74d879\" data-element_type=\"widget\" data-widget_type=\"heading.default\">\n\t\t\t\t\t<h2 class=\"elementor-heading-title elementor-size-default\">10. Contacto<\/h2>\t\t\t\t<\/div>\n\t\t\t\t<div class=\"elementor-element elementor-element-4e45427 elementor-widget elementor-widget-text-editor\" data-id=\"4e45427\" data-element_type=\"widget\" data-widget_type=\"text-editor.default\">\n\t\t\t\t\t\t\t\t\t<span style=\"white-space-collapse: preserve;\">Si tiene alguna pregunta o inquietud respecto a esta pol\u00edtica de privacidad o al tratamiento de sus datos personales, por favor, p\u00f3ngase en contacto con nosotros a trav\u00e9s de:<\/span>\n\n<span style=\"white-space-collapse: preserve;\">\n[Nombre del Responsable]\n[Direcci\u00f3n]\n[Correo Electr\u00f3nico]\n[Tel\u00e9fono]\n<\/span>\n\n\t\t\t\t\t\t\t\t<\/div>\n\t\t\t\t<\/div>\n\t\t\t\t\t<\/div>\n\t\t\t\t<\/div>\n\t\t\t\t<\/div>\n\t\t","protected":false},"excerpt":{"rendered":"<p>Pol\u00edtica de Privacidad 1. Introducci\u00f3n En Transfereivissa.com estamos comprometidos con la protecci\u00f3n de su privacidad y con el cumplimiento de la legislaci\u00f3n vigente en materia de protecci\u00f3n de datos personales. Esta pol\u00edtica de privacidad explica c\u00f3mo recopilamos, utilizamos y protegemos la informaci\u00f3n que usted nos proporciona a trav\u00e9s de nuestro sitio web. 2. Datos que [&hellip;]<\/p>\n","protected":false},"author":1,"featured_media":0,"parent":0,"menu_order":0,"comment_status":"closed","ping_status":"closed","template":"","meta":{"footnotes":""},"class_list":["post-91","page","type-page","status-publish","hentry"],"_links":{"self":[{"href":"https:\/\/transfereivissa.com\/index.php\/wp-json\/wp\/v2\/pages\/91","targetHints":{"allow":["GET"]}}],"collection":[{"href":"https:\/\/transfereivissa.com\/index.php\/wp-json\/wp\/v2\/pages"}],"about":[{"href":"https:\/\/transfereivissa.com\/index.php\/wp-json\/wp\/v2\/types\/page"}],"author":[{"embeddable":true,"href":"https:\/\/transfereivissa.com\/index.php\/wp-json\/wp\/v2\/users\/1"}],"replies":[{"embeddable":true,"href":"https:\/\/transfereivissa.com\/index.php\/wp-json\/wp\/v2\/comments?post=91"}],"version-history":[{"count":23,"href":"https:\/\/transfereivissa.com\/index.php\/wp-json\/wp\/v2\/pages\/91\/revisions"}],"predecessor-version":[{"id":462,"href":"https:\/\/transfereivissa.com\/index.php\/wp-json\/wp\/v2\/pages\/91\/revisions\/462"}],"wp:attachment":[{"href":"https:\/\/transfereivissa.com\/index.php\/wp-json\/wp\/v2\/media?parent=91"}],"curies":[{"name":"wp","href":"https:\/\/api.w.org\/{rel}","templated":true}]}}